212760 is divided by 40977?
2
Calculate the remainder when 14087396 is divided by 21.
8
What is the remainder when 4151147 is divided by 377369?
88
What is the remainder when 863893 is divided by 11356?
837
What is the remainder when 65197593 is divided by 1399?
1395
Calculate the remainder when 37531 is divided by 4092.
703
What is the remainder when 1193807 is divided by 149222?
31
What is the remainder when 8809343 is divided by 800849?
4
Calculate the remainder when 7040020 is divided by 28.
8
What is the remainder when 274675 is divided by 91552?
19
Calculate the remainder when 16324550 is divided by 755.
695
What is the remainder when 11504344 is divided by 19142?
2
Calculate the remainder when 1166736 is divided by 31.
20
What is the remainder when 293219 is divided by 73189?
463
Calculate the remainder when 1571174 is divided by 523421.
911
What is the remainder when 7074 is divided by 454?
264
Calculate the remainder when 56624 is divided by 515.
489
What is the remainder when 523965 is divided by 6716?
117
Calculate the remainder when 50883533 is divided by 44.
41
What is the remainder when 569614 is divided by 13492?
2950
What is the remainder when 1133136 is divided by 6783?
375
Calculate the remainder when 905613 is divided by 319.
291
What is the remainder when 837262 is divided by 209199?
466
Calculate the remainder when 130784 is divided by 5937.
170
What is the remainder when 44150 is divided by 579?
146
What is the remainder when 204891 is divided by 246?
219
What is the remainder when 42566816 is divided by 301?
299
What is the remainder when 9715976 is divided by 43?
40
Calculate the remainder when 126232 is divided by 23912.
6672
Calculate the remainder when 6385061 is divided by 48371.
89
Calculate the remainder when 696219 is divided by 696201.
18
Calculate the remainder when 3664435 is divided by 407151.
76
Calculate the remainder when 1750399 is divided by 72933.
7
Calculate the remainder when 273270 is divided by 1161.
435
What is the remainder when 312272 is divided by 62434?
102
What is the remainder when 3475079 is divided by 10?
9
Calculate the remainder when 792395 is divided by 36.
35
What is the remainder when 4461 is divided by 652?
549
Calculate the remainder when 146655 is divided by 672.
159
Calculate the remainder when 2617625 is divided by 61.
54
What is the remainder when 3208403 is divided by 6?
5
Calculate the remainder when 154238 is divided by 17268.
16094
What is the remainder when 8475251 is divided by 10581?
10451
What is the remainder when 1543041 is divided by 24?
9
What is the remainder when 68643 is divided by 68159?
484
Calculate the remainder when 264097910 is divided by 231.
230
Calculate the remainder when 172582797 is divided by 4594.
4593
What is the remainder when 269627 is divided by 2248?
2115
Calculate the remainder when 61748 is divided by 1882.
1524
What is the remainder when 1469106 is divided by 489660?
126
What is the remainder when 234615 is divided by 58629?
99
What is the remainder when 898694 is divided by 1971?
1889
Calculate the remainder when 158572 is divided by 52839.
55
Calculate the remainder when 27615 is divided by 26447.
1168
Calculate the remainder when 39927687 is divided by 2004.
1995
What is the remainder when 6057370 is divided by 132?
22
Calculate the remainder when 85728 is divided by 6581.
175
What is the remainder when 5146 is divided by 2283?
580
What is the remainder when 36017 is divided by 7784?
4881
Calculate the remainder when 443192 is divided by 6620.
6272
What is the remainder when 101098 is divided by 221?
101
Calculate the remainder when 60354 is divided by 1138.
40
What is the remainder when 8811 is divided by 3024?
2763
What is the remainder when 94251337 is divided by 3625050?
37
What is the remainder when 4408 is divided by 62?
6
Calculate the remainder when 991111 is divided by 2279.
2025
What is the remainder when 886649 is divided by 886575?
74
What is the remainder when 107877810 is divided by 323?
9
Calculate the remainder when 100489 is divided by 50176.
137
What is the remainder when 3871719 is divided by 110616?
159
What is the remainder when 29158 is divided by 1332?
1186
What is the remainder when 210778 is divided by 38?
30
What is the remainder when 44787 is divided by 22389?
9
Calculate the remainder when 14223928 is divided by 153.
130
What is the remainder when 1088706 is divided by 607?
355
What is the remainder when 288850 is divided by 3786?
1114
What is the remainder when 980866 is divided by 196163?
51
Calculate the remainder when 1715451 is divided by 81.
33
Calculate the remainder when 173340 is divided by 34516.
760
What is the remainder when 9984890 is divided by 15?
5
What is the remainder when 334971 is divided by 111643?
42
What is the remainder when 1281002 is divided by 432?
122
Calculate the remainder when 1038 is divided by 721.
317
What is the remainder when 51286 is divided by 2299?
708
What is the remainder when 78418609 is divided by 16886?
25
Calculate the remainder when 26396712 is divided by 59.
53
What is the remainder when 1920012 is divided by 36226?
34
Calculate the remainder when 2387800 is divided by 298475.
0
What is the remainder when 85398825 is divided by 48?
9
What is the remainder when 1172488 is divided by 77?
9
Calculate the remainder when 8393094 is divided by 9.
0
What is the remainder when 15549079 is divided by 51658?
21
What is the remainder when 2577368 is divided by 847?
794
What is the remainder when 1974326 is divided by 16315?
211
What is the remainder when 1697727 is divided by 23?
5
Calculate the remainder when 23372160 is divided by 23372157.
3
What is the remainder when 56598 is divided by 3273?
957
What is the remainder when 2352081 is divided by 1165?
1111
What is the remainder when 346275 is divided by 120?
75
Calculate the remainder when 289030 is divided by 57767.
195
Calculate the remainder when 12946 is divided by 1471.
1178
What is the remainder when 3946281 is divided by 58?
19
What is the remainder when 39080110 is divided by 4349?
4345
What is the remainder when 216714 is divided by 1606?
1510
Calculate the remainder when 1016816 is divided by 53.
11
What is the remainder when 84128855 is divided by 3165?
3155
What is the remainder when 633134 is divided by 105504?
110
Calculate the remainder when 3924256 is divided by 16628.
48
What is the remainder when 5912862 is divided by 562?
60
What is the remainder when 16315484 is divided by 4786?
10
What is the remainder when 9889871 is divided by 3?
2
What is the remainder when 11423919 is divided by 11423900?
19
Calculate the remainder when 121064 is divided by 241.
82
What is the remainder when 16328978 is divided by 4082239?
22
Calculate the remainder when 106523 is divided by 20717.
2938
What is the remainder when 1284985124 is divided by 909?
908
Calculate the remainder when 14190742 is divided by 1953.
244
What is the remainder when 57358 is divided by 2885?
2543
What is the remainder when 4580248 is divided by 133?
127
Calculate the remainder when 632452240 is divided by 818.
816
Calculate the remainder when 6421 is divided by 6222.
199
What is the remainder when 24511118 is divided by 13?
8
Calculate the remainder when 4850683 is divided by 485052.
163
What is the remainder when 274475 is divided by 54624?
1355
What is the remainder when 22125 is divided by 2745?
165
What is the remainder when 2872271 is divided by 104?
103
Calculate the remainder when 14309 is divided by 19.
2
What is the remainder when 1468924 is divided by 367220?
44
Calculate the remainder when 384517 is divided by 8942.
11
Calculate the remainder when 120569608 is divided by 25.
8
Calculate the remainder when 36911 is divided by 36208.
703
Calculate the remainder when 6346581 is divided by 1586624.
85
What is the remainder when 100826 is divided by 33358?
752
Calculate the remainder when 31723488 is divided by 27.
0
What is the remainder when 30943615 is divided by 7735875?
115
Calculate the remainder when 169235 is divided by 333.
71
Calculate the remainder when 131435 is divided by 43802.
29
What is the remainder when 6571603 is divided by 345854?
377
Calculate the remainder when 1028922 is divided by 177.
21
What is the remainder when